*z**2/2 - 2882*z. Give h(-2).
-5
Let o = -2 + 3. Suppose -a + 263 = 54. Let m(u) = 115*u + 94*u + 5*u**2 - 15*u**2 + 1 - a*u. Calculate m(o).
-9
Let m(i) = -i**3 - 4*i**2 + 3. Let r = 143 - 143. Suppose r*y + 4*s + 1 = 5*y, -y - 23 = 5*s. Give m(y).
-6
Let n be (-60)/(-390) + (-3)/((-117)/150). Let j(i) = -6*i + 3. Determine j(n).
-21
Let s(c) = -4*c - 31. Let p = 35516 + -35504. Determine s(p).
-79
Let j = -2144 - -2154. Let i(f) be the first derivative of -f**5/60 + 5*f**4/12 - f**3/6 - f**2 + 5. Let h(v) be the second derivative of i(v). Determine h(j).
-1
Let r(g) = -g**2 + 13*g - 7. Let d = 31657 + -31648. Give r(d).
29
Suppose -2*x + 0 + 2 = -5*l, -2*l - x + 1 = 0. Let w(o) = 2*o + 2. Let p be w(l). Suppose 9*a - 4*a = -p*j + 14, -5*a = -j + 7. Let t(u) = u + 5. Give t(j).
12
Let j(t) = 69*t - 5 + 0 - 70*t. Let n be 1 + 15 + (42 - 52). Determine j(n).
-11
Suppose j - 3*r + 6*r + 8 = 0, 2*r + 2 = j. Let a be j/6 - (-5)/(-3). Let x be (2 - a)*5/(15/6). Let z(u) = -2*u + 10. Give z(x).
-6
Let o(c) = c**2 - 9*c + 1. Suppose t - 2*s + 299 = 0, 1183 = t - 5*t - 5*s. Let b = t + 306. What is o(b)?
1
Let a(v) be the first derivative of 17*v**2/2 - 606. What is a(-1)?
-17
Let s(z) = 2*z**3 + 56*z**2 + 30*z + 21. Let y(q) = -20*q**3 - 571*q**2 - 300*q - 212. Let m(x) = 21*s(x) + 2*y(x). Calculate m(-16).
49
Let t(o) be the second derivative of -o**5/20 + o**4 - 7*o**3/3 - 8*o**2 - 55*o - 5. What is t(11)?
-49
Let a(g) = 85 + 81 - 165. Suppose -23 = 5*y + 2. Let j(o) = o + 2. Let h(c) = y*a(c) + j(c). Calculate h(0).
-3
Let f(y) = -22*y**3 + 116*y**2 - 6*y - 10. Let k(o) = 10*o**3 - 53*o**2 + 3*o + 5. Let n(u) = 4*f(u) + 9*k(u). What is n(5)?
-55
Let s = -304 + 305. Suppose -4*r - 247 = -4*v + 41, -3*v + 5*r + 226 = 0. Let p(u) = v*u + s - 73*u - 1. What is p(-1)?
6
Let d(j) = 8*j. Let f = 178 - 418. Let r = -239 - f. Calculate d(r).
8
Let c(j) = 10*j - 3. Let n be ((-755)/151)/(1 + 0). Calculate c(n).
-53
Let f = 321 + -313. Let r be 2/(-8) + 18/8. Let h(o) = 6*o**2 - f*o**2 + 8 + o**r + 4*o. Determine h(6).
-4
Suppose -2*i - 5*n - 12 = 2*i, 4*i = 2*n + 16. Let y be 2 - -34*(3 - i). Suppose -5*p = p - y. Let w(a) = -2*a + 7. Calculate w(p).
-5
Let c(k) = -3*k + 12. Suppose -4*g + 178*g = 27*g + 882. Calculate c(g).
-6
Let u(n) = 83*n**2 + 63*n**2 - 33*n + 81*n**2 - 20 - 229*n**2. What is u(-16)?
-4
Let z(j) = 6*j**2 - 6*j - 6. Let q(v) = 11*v**2 - 10*v - 10. Let o(i) = 4*q(i) - 7*z(i). Give o(-2).
6
Suppose 22*u + 7804 = 7848. Suppose 2*i - i = 4. Let b(s) = -i - 5*s**u + 0 + 4 + 2*s - 1. Determine b(1).
-4
Let h(g) = 9*g + 427. Suppose 172*s - 168*s + 148 = -4*r, -5*r - 194 = 4*s. Calculate h(r).
13
Let a(y) = -226 + 686619*y + 686643*y - 1373310*y. What is a(-5)?
14
Let d(o) = o**2 - 10*o - 15. Let b(a) = -12*a**3 + 10*a + 23. Let j(l) = -5*l**3 + 5*l + 12. Let h(s) = -2*b(s) + 5*j(s). Let t be h(-2). What is d(t)?
9
Let s(g) = -2*g + 11 + 23 - g**3 - 52 + 19. Let b be (-2*3/9)/((-2)/6). Give s(b).
-11
Let s(f) = f**2 + f + 1. Let h be s(-1). Let k(z) = -3*z - 10. Let u(w) = -8*w + 50. Let i(o) = -5*k(o) - u(o). Determine i(h).
23
Let k(g) = 27*g - 18*g - 482 + 519 - 13*g. Calculate k(8).
5
Let t(d) = 3*d**2 - 8*d + 22. Let v(s) = 2*s**2 - 5*s + 13. Let w(x) = -5*t(x) + 8*v(x). Determine w(8).
58
Let k(d) = -2*d**2 + 2*d - 2. Let i be 1/(5/(-20)) + 18. Suppose -i = -194*x + 187*x. Calculate k(x).
-6
Suppose -87*n + 92*n - 3*p - 24 = 0, 3*n = 5*p + 8. Let j(x) = -12*x + 25. Calculate j(n).
-47
Let x(b) be the second derivative of -7*b**3/6 + 5*b**2/2 + 352*b. Determine x(-7).
54
Let i be 2*3*124/24. Suppose i*q = 28*q + 12. Suppose 0 = -q*s - 5*v - 0 - 20, 0 = 4*s + 4*v + 16. Let o(x) = -x + 7. Give o(s).
7
Let a(r) = -r**3 - 9*r**2 + 2*r + 69. Let y be (-162)/21 - 10/35. Give a(y).
-11
Suppose 3*q - 144 = 2*m, -2*m = -5*m + 9. Suppose -q = -5*d + 5*t, -2*d = -3*d - 4*t. Suppose d = -5*g - 22. Let w(k) = k**2 + 7*k + 6. Determine w(g).
0
Let c = -6 - 2. Let k(a) be the third derivative of -6*a**2 + 1/3*a**4 + 6 + 2/3*a**3 + 0*a + 1/60*a**5. What is k(c)?
4
Suppose w - 2*n - 2 - 7 = 0, 5*n = -2*w. Let i(u) = 9*u - 5. Let l(p) = -6*p + 3. Let s(y) = w*i(y) + 8*l(y). Suppose 21*o - 33 = -117. Determine s(o).
11
Suppose 10 = 8*b - 6. Suppose -b*n + 202 = -0*d + 2*d, 6 = -3*d. Let g(m) = m + 210*m**2 - 10*m**3 - 105*m**2 - n*m**2. Determine g(-1).
11
Let f = -3791 + 3784. Let a(g) = -g**2 - 17*g - 72. Determine a(f).
-2
Let t(i) = -4*i**3 + 1. Let f(k) = -4 - 7*k**2 - 38*k**3 + 37*k**3 + 3. Let x be f(-6). Let s = x + 38. Determine t(s).
-3
Let v(h) = -h**2 - 8*h - 1. Suppose k + 5 = 3*x, 5*x = -0*k - k + 19. Let z(l) = -10*l + 3*l - 3*l - l**2 + 2*l. Let a(p) = x*v(p) - 2*z(p). Give a(-7).
4
Let x(y) = -y**3 + 5*y**2 - y + 4. Let m(f) = -5*f**3 + 25*f**2 - 6*f + 19. Let k(s) = 4*m(s) - 19*x(s). What is k(4)?
-4
Let m(g) = -5*g + 11. Let w(o) = -14*o + 33. Let a(z) = 10*m(z) - 3*w(z). Determine a(11).
-77
Suppose -4*h - 171*n - 2 = -173*n, -6 = 3*h + 3*n. Let c(r) = 124*r**2 - 2*r - 2. Give c(h).
124
Let c(n) = n**2 - 7*n - 1. Suppose -2*m - 206 = -2*a, -7*a - 3*m + 419 = -3*a. Let j be (-1 + 2)/(13/a). What is c(j)?
7
Let t(j) be the first derivative of -8*j**3/3 + 56*j**2 - 111*j + 11957. Calculate t(1).
-7
Let m be 2/25 + (-1242)/1150. Let x(f) = 3*f**2 - 3*f**2 - 11*f**3 + f**2 - 1 + f + 2. Calculate x(m).
12
Let l(q) be the second derivative of q**6/720 + q**5/40 + 2*q**4/3 + 30*q. Let d(u) be the third derivative of l(u). Let h be (9/18)/((-1)/8). What is d(h)?
-1
Let h(k) = -12*k**2 + 55*k - 12. Let b(t) = -35*t**2 + 162*t - 34. Let o(c) = 6*b(c) - 17*h(c). What is o(6)?
6
Let g(m) = 185*m**2 - 20*m - 72. Let k(z) = 92*z**2 - 9*z - 32. Let n(f) = 4*g(f) - 9*k(f). Determine n(-1).
-89
Suppose 7 + 9 = 8*l. Let s(k) = 14*k**3 + 3*k + 2 - l*k**2 - 4*k - 15*k**3. Let a(z) = -z**2 - 4*z - 2. Let b be a(-4). Calculate s(b).
4
Let r(q) = 8*q - 22 + 7 + 59 + 24. What is r(-11)?
-20
Let u(m) = 202*m**3 + 18 + 0*m**2 + 8*m**2 - 11 - m + 199*m**3 - 402*m**3. Let t(o) = 4*o + 40. Let i be t(-8). Calculate u(i).
-1
Let h(d) = -142*d**2 + 9*d - 81*d**2 - 135*d**2 - 4*d + 44 + 361*d**2. Give h(-5).
94
Suppose 3*o - 10 = 5. Suppose -6 = 2*z, 2*v = -2*z - o - 5. Let q(t) be the third derivative of t**6/60 + t**4/24 + 2268*t**2. Give q(v).
-18
Let s(o) = o**3 + 10*o**2 + o - 20. Suppose 2*c - 5*h = -30, -5*c + 12*h - 46 = 14*h. What is s(c)?
-30
Let h(v) be the second derivative of v**4/4 - v**3 - 17*v**2/2 + 6591*v. Determine h(-3).
28
Let a(i) = 161*i**2 - 12896*i - 5 + 12890*i - 171*i**2. Determine a(-2).
-33
Let a(s) = -s**3 + 6*s**2 + 8. Let x(t) = -20*t**2 - t**3 + 0*t**2 + 7 + 24*t**2 - t. Let g(z) = -5*a(z) + 6*x(z). What is g(-5)?
7
Let d(p) = 5*p**2 + 32*p - 24. Suppose 29 = -4*z + 2*z + 5*c, -4*z - 34 = -2*c. Let j be d(z). Let g(l) = -4*l**2 + 2*l + 2. What is g(j)?
-40
Let o(c) = c**3 - 5*c**2 - 2*c + 2. Let d be (-4)/34 + 1631227/(-11917). Let u = 309 - 167. Let g = u + d. Determine o(g).
-8
Let s be (0/(-1 + 2))/2. Suppose s = 5*a + 5 - 30. Let u be 5/(a/7) - -1. Let m(w) = -w**2 + 9*w - 4. Calculate m(u).
4
Let w(t) = -t**2 - 6*t - 6. Suppose 3*c = -5 - 1. Let u(p) = -4 + 0*p**3 - 4*p**2 - p**3 + 4 + 1 - p. Let r be u(c). Determine w(r).
-1
Let a(i) = 16*i + 5. Suppose 0 = -51*u + 40*u - 77. Let f(l) = 13*l + 4. Let m(o) = u*f(o) + 6*a(o). Determine m(-1).
-3
Let y(w) = -12*w + 119. Let z be y(9). Suppose 5*r = -x + 35, 0*x = -x - 4*r + 30. Suppose -z*a + x*a = 6. Let o(u) = u**2 + 7*u + 3. Give o(a).
-3
Let b(m) = -m**3 + 32*m**2 - 30*m - 29. Suppose -2*t - 1052*x = -1048*x - 66, 0 = 2*t + x - 63. Determine b(t).
2
Suppose -3*c = -c + 12. Let g be (1 + -4 - -2) + 30/c. Let u(n) = -n**3 - 6*n**2 - n + 6. Give u(g).
12
Let b(c) = -2*c - 16 + c - 2*c + 2*c. Let q be (2/12)/(2/16)*(-3555)/948. What is b(q)?
-11
Let g(n) = -2*n**2 + 13*n + 12. Let k(b) = 3*b**2 - 15*b - 11. Let r(v) = -4*g(v) - 3*k(v). What is r(-3)?
-3
Let o(i) = -2*i**2 + 24*i - 12. Let w be 3/((-3)/8)*(-18 - (60 - 77)). Give o(w).
52
Let p(h) = -271 + 91*h - 96*h + 83 + 91 + 90. What is p(-4)?
13
Let o(k) = -11 - 11*k - 4*k**2 + k + 3*k**2. Let g(d) = -d**2 + 23*d + 57. Let v be g(-17). Let r = v + 614. Calculate o(r).
-2
Let c(v) = 33*v - 25*v - 49678*v**2 - 10 + 49676*v**2. 